9577 + -9574. Let g(z) = 2*z + 5. Let q(v) = -2*v - 4. Let a(b) = -4*g(b) - 3*q(b). Determine a(f).
-14
Let u(l) = -16*l + 91. Let p(g) = 10*g - 45. Let t(h) = 5*p(h) + 3*u(h). Calculate t(-17).
14
Suppose 1078 - 1129 = 3*p + 14*p. Let l(w) be the third derivative of 1/6*w**3 + 1/24*w**4 + 3*w**2 + 0*w + 0. Determine l(p).
-2
Let o(z) = 2*z - 7. Suppose -3*u + 9 = 3*c, 3*u - c + 16 = 29. Suppose 3*x = u*s - 3, 0*s + 4*s = 4*x. Give o(s).
-1
Let a(p) be the first derivative of 13*p**2/2 + 11*p - 17. Let j be a(5). Let d(b) = -4 - b**3 + 37*b - j*b - 5*b**2 + 37*b. What is d(-4)?
-12
Suppose -85*v + 80*v = 4*q - 66, 3*v = 2*q + 44. Let l(d) = -4*d + 20. Calculate l(v).
-36
Let k(h) = 2*h**2 - 6135*h + 4*h**2 - h**3 - 14 + 3069*h + 3065*h. Calculate k(7).
-70
Suppose -4*n = 9 + 15. Let o be (1 + (-1)/2)*2 - -3. Let y(t) = 2454 - 2454 + o*t. Determine y(n).
-24
Suppose 0 = -2*n + 4*n - 3*f + 802, -5*f - 375 = n. Let w = -403 - n. Let z(o) = -o**3 - 7*o**2 + 8*o - 4. Calculate z(w).
-4
Let p(d) = -5*d**3 - 4*d**2 + 2*d - 9. Let r(j) = -6*j**3 - 4*j**2 + 2*j - 10. Let b = -279 + 286. Let n(f) = b*p(f) - 6*r(f). Determine n(4).
5
Suppose 0 = -4*f + 5*j + 32, -f = -j - 5 - 2. Suppose 3*c - f = 2*k + k, -4*c + 20 = 0. Let v(m) = 6*m - 5*m**2 - 3*m**3 - 7 + 1 + 4*m**3. Determine v(k).
2
Let z(l) = -l**2 + 5*l - 4. Suppose -74*x = -71*x - 90. Let i be x*6/15*2/4. Calculate z(i).
-10
Let p(l) = 2*l**2 - 18*l - 17. Let b = 10 + 83. Let f = -83 + b. Let n be p(f). Let s(y) = 2*y - 1. Calculate s(n).
5
Let i(h) = h**2 + 3*h + 3. Let l(t) = t**2 + 3*t + 5. Let v(c) = 5*i(c) - 4*l(c). Let x be ((-8)/4)/(1/2) - 1. Determine v(x).
5
Suppose -l = 5 - 4. Let m(p) be the third derivative of -13*p**2 + 1/6*p**3 - 5/8*p**4 + 0 + 0*p. Calculate m(l).
16
Let m(z) = -18*z**2 - 2. Let h(n) be the third derivative of n**5/60 + n**3/6 - 3*n**2. Let i(k) = -h(k) - m(k). Suppose 46*l = 52*l - 6. Determine i(l).
18
Suppose 0 = -4*h + 16, -4*h + 3*h = -3*k + 8. Let y(q) = 428*q**2 - 1 - 422*q**2 + 5*q - k*q. Suppose 0 = -2*l + 5 - 3. Give y(l).
6
Let s = 7 + -17. Let f(d) = d + 8. Let m be f(s). Let g(c) be the third derivative of c**6/120 + c**5/60 - c**4/24 + c**3/3 - 7*c**2. What is g(m)?
0
Let w(h) be the first derivative of h**2/2 - 13*h + 11743. Let c be 4/8 - (-25)/2. Calculate w(c).
0
Let f(u) = -2*u + 82*u - 58*u + 1 + 2*u - 23*u. Suppose 2*p - 4 = -0*p. Suppose -p*x + 28 = -2*j, 4*j - x + 50 = 9. What is f(j)?
-8
Let c be 183/63 + -2 + (-352)/(-168). Let f(y) = 11*y + 8. Let o(l) = -15*l - 7. Let q(t) = c*o(t) + 4*f(t). Determine q(13).
-2
Suppose 12 = 4*z - 8*z - 5*b, -16 = -4*z + 2*b. Suppose z*k = -5*r + 2*r, -k = -3. Let c(s) = -3*s + 18248 - 18249 - 2*s**2 + s. Give c(r).
-5
Let l(j) = j**2 - 11*j + 15. Let h(y) = y**3 - 33*y**2 - y + 44. Let w be h(33). Give l(w).
15
Let y(c) = c**2 - 38*c - 166. Let q be y(-4). Let m(r) = -10*r + 17. Determine m(q).
-3
Let z(m) be the first derivative of m**3 - 11*m**2/2 - 10*m + 1756. Give z(5).
10
Let f(c) = c - 27. Let r be 2/6 + 16/24. Let g be 1/r*2 - 2. Determine f(g).
-27
Let x = 38 - 35. Suppose -i = -4*s - x*i - 6, s - i = 0. Let j(p) = 2*p - p**3 + 0 + 1 + 0*p**3. What is j(s)?
0
Let v(p) = p**3 - 13*p**2 - 10*p + 13. Let i(r) = -90*r + 1364. Let a be i(15). Calculate v(a).
69
Let k(r) = -16*r**3 + 677*r**2 - 55*r + 10. Let u(i) = 3*i**3 - 124*i**2 + 11*i - 2. Let t(x) = 2*k(x) + 11*u(x). Let n = 24 + -15. Give t(n).
16
Let a(b) = -b**3 + 9*b**2 + 21*b + 14. Let l(q) = 11*q**2. Let w be l(1). Let i be a(w). Let d(c) = 7 + 2 - 13 + i*c. Calculate d(6).
14
Let r(k) = 5*k**2 + 2*k - 1. Let u(g) = 29*g**2 + 12*g - 9. Let t(m) = -6*r(m) + u(m). Give t(8).
-67
Let i(f) be the first derivative of f**4/4 + 10*f**3/3 - f**2 - 5*f + 7044. Give i(-10).
15
Suppose b - 35 = -33. Let s(c) = -6 - 3*c**b + 14*c**3 + 9*c - 1 - 15*c**3 + 1. Let m be s(-5). Let j(k) = 3*k + 1. Give j(m).
-2
Let h(j) = j**2 + 15*j + 29. Let l(o) = -o**3 + 22*o**2 - 119*o - 23. Let t be l(10). Determine h(t).
3
Let x be ((-20)/6)/((-4)/(-8))*-3. Let z(u) = 12*u**2 - 5*u**3 - 6 + 2*u**3 + 2*u**3 - x*u. Let d be z(10). Let r(n) = -3*n - 9. What is r(d)?
9
Let q(h) = -h**3 - h**2 - 10*h + 6. Let i(u) = 2*u**3 + 4*u**2 + 21*u - 13. Let s(t) = 4*i(t) + 7*q(t). Give s(-7).
-10
Let u(f) = -2*f**2 + f - 2. Let w = -175 + 416. Let b = w - 245. Calculate u(b).
-38
Let k(x) = x**2 - 25*x - 116. Let z(w) = 5*w + 121. Let m be z(-25). Determine k(m).
0
Suppose -w + 8 = l + 1, 2*w - 8 = l. Let h(a) = a**2 + 1. Let u(g) = -3*g**2 + 6*g + 3. Let s(p) = 2*h(p) + u(p). Calculate s(w).
10
Let l(c) = -23*c - 230. Let f(u) = 12*u + 127. Let n(x) = -7*f(x) - 4*l(x). What is n(-1)?
23
Let w(m) = -4*m - 10. Let b(h) = -h**3 - 19*h**2 - 37*h - 54. Let n be b(-17). Determine w(n).
2
Let g be (10 + 13/(429/(-506)))/((-4)/6). Let d(j) be the first derivative of 2 - 4*j**2 + 1/3*j**3 - 5*j. What is d(g)?
-5
Let q(s) = 27*s**2 + 44*s + 5. Let l(d) = 17*d**2 + 29*d + 4. Let i(u) = -8*l(u) + 5*q(u). Determine i(-12).
-7
Let x(d) be the first derivative of d**2/2 - 5*d - 1517. Calculate x(9).
4
Suppose 1 = t - 1. Let c be (7/(-7))/(t/14). Let g(w) = -w - 9. Determine g(c).
-2
Let d(g) be the second derivative of 5*g**4/12 - g**3 + 5*g**2 + 525*g. Determine d(2).
18
Suppose 2*h = -0*h + 8. Let n be 1/3 - 11/33*-2. Let a(t) = -h*t + n + 2*t - t. What is a(3)?
-8
Let i(t) = -31*t**2 + 60*t - 37. Let w(p) = -24*p**2 + 59*p - 38. Let s(d) = -3*i(d) + 4*w(d). Calculate s(18).
-5
Suppose -1 = 11*u - 23. Let m(y) be the third derivative of y**5/12 - y**4/24 - 2*y**3/3 - 414*y**2 + 2. What is m(u)?
14
Let p(s) = s**3 - 14*s**2 - 71*s + 8. Let m be p(-4). Let i(d) be the first derivative of -d**4/4 + d**3 + 2*d**2 + 2*d - 1. Give i(m).
2
Let n(f) be the third derivative of -1/4*f**4 + 0 + 1/10*f**5 + 5/6*f**3 + 0*f - 1/120*f**6 - 153*f**2. Determine n(4).
13
Suppose 2*h - 2*y + 3 - 7 = 0, 3*y = 4*h - 8. Let t(v) = 48*v**2 - 149*v**2 + 49*v**h + 51*v**2 + 4 - v. Determine t(-6).
-26
Let a(p) = -230*p - 222*p - 222*p + 903*p - 219*p - 69. What is a(6)?
-9
Let k(b) be the second derivative of b**4/4 - b**3 + 3*b**2 - 164*b. Let s(n) = 9*n**2 - 17*n + 17. Let v(y) = -11*k(y) + 4*s(y). What is v(3)?
23
Suppose 81*f - 949 = -544. Let b(n) be the third derivative of 0*n - 2/3*n**3 + 0 - 12*n**2 - 1/60*n**f + 5/24*n**4. Determine b(7).
-18
Suppose n = 2*u + 3, -217*n + 3*u = -215*n - 6. Let q(a) = -2*a + 7. Determine q(n).
1
Let q(l) be the second derivative of -l**4/6 + l**3/3 + l**2 + 51*l. Suppose -5*f = -0*f + 10. Calculate q(f).
-10
Let w = 96 - 91. Let q(b) = w*b - 2*b - 3*b - 2*b + 4*b. Calculate q(-8).
-16
Let p(g) = g**2 + 15*g - 30. Let d be p(-17). Let s(t) = -16*t + 6*t**2 + t**2 + 5*t**2 + 20 + d*t**2 - t**3. Calculate s(15).
5
Let a(t) be the second derivative of -t**3/6 - 2*t**2 - 3381*t. Suppose c - 5*r - 16 = -r, -2*c - 7 = 5*r. Give a(c).
-8
Let s(l) = 108433*l - 54212*l - 44 - 54210*l. Determine s(5).
11
Let r(w) = 361*w**2 - 57*w + 0 + 62*w - 119*w**2 - 121*w**2 - 120*w**2 - 2. Suppose -v + 4 = -2*v. Give r(v).
-6
Let r(v) = v + 0*v + 3 - 14. Suppose 2*z = 4*n - 38, -2943*n + 2941*n = -2*z - 18. Determine r(n).
-1
Suppose -2*u + 5*b = -26, 8 = 3*u - u + 4*b. Let c(d) = 10 + 4399*d**3 - 2192*d**3 - 9*d**2 + 5*d - 2206*d**3. Calculate c(u).
-14
Let w(x) be the first derivative of -x**3/3 - 11*x**2 + 16*x - 4805. Determine w(-20).
56
Let l be ((-216)/120)/(3/(-5)). Let x(z) = 19*z**3 - 18*z**l - 2*z + z + 1 + 2*z - 14*z**2. What is x(14)?
15
Let t(u) = 9*u**2 - 3*u**3 + u + 6 + 6 + 4*u**3. Let w = -36833 + 36824. What is t(w)?
3
Suppose -46*h + 55*h = 27. Let y(a) = 5*a**2 + 3*a + 1. Calculate y(h).
55
Let a(m) = -m - 9. Let i be a(0). Let h(t) = -13*t**3 + 22*t**2 - 7*t - 7. Let x(w) = 6*w**3 - 10*w**2 + 3*w + 3. Let l(y) = i*x(y) - 4*h(y). Calculate l(3).
-32
Let h(w) = -9*w**3 - w**2. Let x = 5 + -4. Suppose 18*q = -18*q + 144. Suppose -5*p - q*y = -x, 4*y + 4 - 2 = -2*p. Give h(p).
-10
Let v(f) be the first derivative of -f**4/4 - f**3 - 6*f + 1175. Give v(-4).
10
Let f = -620 + 602. Let n(p) = 2*p + 40. Let a be n(f). Let t(q) = -q**2 + 9*q - 18. Calculate t(a).
2
Suppose 3*s + 3*m + 387 = 0, -m = 3*s - 5*m + 394. Let b = -153 - s. Let t = 21 + b. Let j(o) = 2*o**3 + 2*o**2 - 2